ive y(6).
5
Let t(j) = 1246*j - 46. Let k be t(15). Let o(b) = 18632*b - k*b + 0 - 3. Calculate o(-1).
9
Let c(i) = i**2 - 131*i - 975. Let b be c(-7). Let p(w) = -3*w - 7. Calculate p(b).
20
Suppose 125 = 3*x + 5*a - 24, 90 = 2*x + a. Suppose 26 - x = -n. Let o(y) = -48*y + 105*y + y**2 - 46*y - n. Determine o(-12).
-5
Let z(t) = t**3 + t**2 - t + 29. Let i(a) = -4*a**3 + 5*a**2 - 164. Let r(n) = -i(n) - 5*z(n). Determine r(-10).
-31
Let p(h) = h**2 + 9*h - 192. Suppose 5*l = -2*l + 52 + 18. What is p(l)?
-2
Let f(z) = -z**2 - 12*z + 28. Suppose 50*n = -178 - 375 - 147. Calculate f(n).
0
Let s(d) = -5*d + 12. Let a = -3609 + 3612. Give s(a).
-3
Let a(n) = 4*n**2 + 18570214 - 18570250 - n**3 + 2*n**3 - 13*n. What is a(-6)?
-30
Let i(b) = -2*b**2 + 8*b + 5. Let a(y) = y**2. Let m(v) = 3*a(v) + i(v). Suppose -2*g = -7*g + 15, -5*j + 4*g + 378 = 0. Suppose 5*r + j = -8*r. Determine m(r).
-7
Let f(g) = 34282 + g**2 - 34724 + 27*g + 20*g. Calculate f(8).
-2
Let k(j) = 0*j**2 - 8478 - 4*j + 8473 + 2*j**2. What is k(-6)?
91
Let c(u) = -30*u + 48*u + 2*u**2 - 23*u - u**2 - 5. Suppose -64 = -17*m + m. Calculate c(m).
-9
Let t(b) = -161*b + 2. Let d(z) = 160*z + 6. Let i(p) = d(p) + t(p). Let v(g) = 2*g**2 + 6*g + 6. Let h be v(-4). Calculate i(h).
-6
Suppose 3*z + 4 = 19. Suppose -4*o - 1 = -z. Let b(y) = -2 - 1 + 2 + 2*y - 8*y. What is b(o)?
-7
Let j(s) = 4*s**2 - 20*s + 3. Let k(q) = 12*q**2 - 69*q + 8. Let x(t) = 7*j(t) - 2*k(t). What is x(0)?
5
Let k(n) = 2 + 0 + 4*n + 3*n - 6*n. Suppose i = 2*p - 13, p - 6*p + i = -28. Give k(p).
7
Let i(c) = 6*c - 1. Let x(t) = 15*t - 58. Let r(o) = -2*i(o) + x(o). Calculate r(20).
4
Let d be (1 + 33)/(0 + -5 - -3). Let j = d + 15. Let g(b) be the first derivative of 5*b**2 + 3*b - 88. Calculate g(j).
-17
Let c(h) = -6*h - 1. Let r(q) = -45*q + 580. Let u be r(13). Let y(t) = -7*t - 1. Suppose 0*b - 24 = -4*b. Let i(x) = b*c(x) + u*y(x). Give i(7).
-8
Suppose -26*f = 2*a - 25*f + 7, -a - f = 1. Suppose 4*r = v + 3*r - 5, 23 = 4*v - 5*r. Let z(w) = 4 + 0 + 0*w**2 - 6*w - w**v. Give z(a).
4
Let d be (((-105)/(-14))/15)/(6/(-60)). Let s(u) = 4*u + 19. Calculate s(d).
-1
Let p(l) = -l**2 - 5*l + 19. Let o be p(-7). Suppose o*i + 5 = 6*i. Suppose 0*w - i = w. Let g(r) = r**2 + 4*r + 3. Calculate g(w).
8
Suppose 2 = -5*j - 3. Let h be 1 - ((-80)/(-12) + 3/9). Let r(b) = -18*b - 7. Let s(l) = -54*l - 20. Let t(o) = h*s(o) + 17*r(o). Give t(j).
-17
Let h(t) = 3*t**3 + 21*t**2 - 14*t - 192. Let o be h(-6). Let f(g) be the second derivative of o - 5/6*g**3 + 0*g**2 - 22*g. Determine f(-2).
10
Let d(l) be the second derivative of -l**8/6720 - l**7/280 - l**6/80 - l**5/120 + 47*l**4/6 - 2*l - 11. Let m(a) be the third derivative of d(a). Give m(-7).
-36
Let t(w) be the second derivative of w**3/3 - 27*w**2/2 - 4162*w. Determine t(14).
1
Let n = 12912 + -12912. Let y(f) = f**2 - 37*f - 2. Give y(n).
-2
Let n(b) = -b - 4. Let y(h) = -9 - 11 - 5*h + 32 - 10. Let q be y(-1). Suppose 8*c + 6 = q*c. Calculate n(c).
2
Let o(b) = 3358 - b**2 - 2*b**2 + 7*b - 3354. Let u be o(3). Let a(h) = 10*h**2 + 2*h - 2. Calculate a(u).
34
Let m be (0 - -10 - 2) + 1 + -4. Suppose 0 = -m*d + 20 - 40. Let h(s) be the third derivative of s**5/60 + s**4/6 + s**3 + 19*s**2. Give h(d).
6
Let s(t) be the first derivative of -5*t**2 + 179*t + 692. Calculate s(16).
19
Let n(k) = 20*k - 31. Suppose -4*a + 12 = -2*o - 12, o - 8 = -3*a. Give n(a).
49
Suppose -3*u - 4 = 14. Let p(g) = -g - 2. Let a be p(u). Let s(o) be the first derivative of -o**4/4 + 5*o**3/3 - 5*o**2/2 + o + 342. Give s(a).
-3
Let y(j) = -8*j**2 + 37*j + 38. Let c be y(-1). Let p(s) = s**2 + 9*s - 9. Determine p(c).
-23
Suppose 3*i - 50 = i. Let a be 4/12 - (56/(-12) - 6). Let y(l) = 15 - i + 18*l + a. Determine y(1).
19
Let p(a) = a**2 - 24*a + 97. Let b be p(5). Let u(d) be the third derivative of -3/8*d**4 - 2/3*d**3 - 7/60*d**5 + 10*d**b + 0*d + 0 - 1/120*d**6. Give u(-6).
14
Suppose 21 = -6*y + 3. Let l(x) be the second derivative of x**5/20 + x**4/3 - x**3/3 - 3*x**2/2 + x - 13. Determine l(y).
12
Let r(b) = b**2 - 2*b + 15. Let m be 0*(-5 + -3)/(-16). Suppose m*x - 4*x - 7*x = 0. What is r(x)?
15
Suppose 3*t = -3*u - 6, -44*u = -22*u + 3*t + 63. Let h(s) = s**3 + s**2 - 5*s + 3. What is h(u)?
0
Let y(q) = 3*q**2 + q - 1. Suppose 0 = 10*w + 5*w - 780. Suppose 5*f = -w - 63. Let i = 21 + f. Determine y(i).
9
Let u = -28 + 27. Let j(c) = -2*c - 1. Let g(y) = -16*y - 1. Let b(d) = -g(d) + 2*j(d). Determine b(u).
-13
Let t(p) be the second derivative of 0 - 9*p + p**2 + 1/3*p**3. Let f be (-1)/2*3*2. Determine t(f).
-4
Let z(b) = 1468*b**2 - 168 + 4*b - 2946*b**2 + 1481*b**2. Determine z(7).
7
Let x(b) = 0 + 2 - b - 1. Suppose 6 = -2*d - 2*q, -209*q + 208*q - 9 = -d. What is x(d)?
-2
Let l(y) = 26*y - 672. Let n be l(26). Let w(i) = -i**2 - 13*i + 72. Determine w(n).
4
Let n = -7093 - -7078. Let w(g) = -g**3 - 13*g**2 + 28*g - 30. Calculate w(n).
0
Let w(p) = -p**3 - 8*p**2 - 5*p + 8. Let b(k) = 17*k - 9 + 2 + 6 - 2*k**2 - 6*k. Let n(y) = -y**3 + 9*y**2 + 6. Let l be n(9). Let i be b(l). Calculate w(i).
-6
Let n(g) be the first derivative of g**3/6 + 4*g**2 - 117*g + 20. Let o(d) be the first derivative of n(d). Give o(-6).
2
Let k(a) = 5*a**3 + 6*a**2 - 25*a - 7. Let z = 277 + -270. Let s(v) = 2*v**3 + 4*v**2 - 12*v - 3. Let w(y) = z*s(y) - 3*k(y). What is w(9)?
0
Let n(w) = 51*w + 2. Let c(k) = 208*k - 4157. Let m be c(20). Give n(m).
155
Let q(r) = -r**3 + 5*r**2 + 2*r - 6. Let z(t) = 242*t - 3866. Let u be z(16). Calculate q(u).
-30
Suppose 5*t = 2*t - 15. Let l(i) be the third derivative of -i**5/60 - i**4/3 - 2*i**3/3 + 2*i**2 + i + 23666. Give l(t).
11
Let g = 1146 - 1151. Let i(q) = q. Determine i(g).
-5
Suppose 0 = 82*o + 26*o + 216. Let q(i) = 12*i + 28. Give q(o).
4
Suppose -4*w + 373 = -1903. Suppose w + 47 = -8*n. Let h = n + 84. Let x(f) = -f**2 + 9*f - 5. Give x(h).
9
Let o(s) = -s**3 - 8*s**2 + 6*s - 13. Let m(t) = -33*t + 453. Let j be m(14). Give o(j).
14
Let p = 2825 - 2830. Let b(u) = -8*u - 25. Determine b(p).
15
Let c(b) = 131*b - 1039. Let f be c(8). Let g(r) = r**3 - 11*r**2 + 19*r - 2. Give g(f).
7
Let g(c) = -c**2 - 6. Suppose -97*s = -79*s. What is g(s)?
-6
Let v(u) = -9*u**2 - 2*u + 45. Let o(y) = -4*y**2 - y + 25. Let s(j) = -9*o(j) + 5*v(j). Suppose 4*i - 3 = i. What is s(i)?
-10
Let g(p) = 5 - 2 + 2*p**2 + 3*p - 7*p. Let i(s) = 2*s**3 - 2*s**2 - 2*s + 4. Let q be i(1). Determine g(q).
3
Let s(f) = 6*f + 1. Let m be (-3)/(533/82 - (0 + 7)). Calculate s(m).
37
Let p(t) be the first derivative of -t**3/3 + 17*t**2/2 - 60*t - 2517. Determine p(5).
0
Let k(u) be the first derivative of 5/3*u**3 - 6*u - 8*u**2 + 1/4*u**4 - 265. Determine k(-7).
8
Let h(y) be the third derivative of y**5/60 + 5*y**4/24 - 7*y**3 - 87*y**2. Give h(0).
-42
Let q(x) be the second derivative of -x**4/12 - 7*x**3/6 + 5*x**2 - 37*x + 5. What is q(-7)?
10
Let t(p) = p**2 - 209 + 596 - 194 - 195 - 8*p. Let h(j) = -j - 2. Let o = -13 + 5. Let y be h(o). Give t(y).
-14
Let s(t) = 13*t**2 - 19*t + 12. Let x(z) = -35*z**2 + 56*z - 35. Let v(a) = 8*s(a) + 3*x(a). Calculate v(19).
-66
Let g(w) = -225*w + 9. Let b(v) = 271*v - 9. Let k(p) = 5*b(p) + 6*g(p). Suppose -2*d + 2*r - 20 = 0, r + 4*r - 18 = d. Determine k(d).
-31
Let a(i) be the third derivative of 5*i**6/24 + i**5/60 - i**4/24 + 2*i**2 + 2577*i. Suppose 1 = 2*v - v. Determine a(v).
25
Let g(u) = -2*u - 18. Let o(k) = k**2 - 4*k. Let b(h) = 7*h**2 + 24*h - 106. Let y(z) = b(z) - 5*o(z). Let a be y(-24). Give g(a).
2
Let r(i) = -13*i - 1. Let l(h) = -77*h + 1. Let x(t) = -l(t) + 6*r(t). Give x(5).
-12
Let y(h) = h**2 - h - 1. Suppose 2*w + 4*z = -3*w + 12, 2*w - 4*z + 12 = 0. Suppose -8*q = -w*q - 32. Suppose 4*o + 3 = q*a + 15, 3*o = -a - 3. Calculate y(o).
-1
Suppose 2*m - 20 = -2*m. Let s(l) = m*l + 2*l - 6*l. Let n(x) = 38*x + 754. Let p be n(-20). What is s(p)?
-6
Let k = 86 - 72. Let n(s) = 3*s**2 - 76*s - 15. Let g(d) = d**2 - 26*d - 5. Let m(u) = 17*g(u) - 6*n(u). Give m(k).
5
Let s(o) = -o**3 + 17*o**2 - 19*o + 37. Let p be s(16). Let i(j) = -j - 8. Let l be i(p). Let b(d) = d + 5. Give b(l).
8
Let a(s) = 2*s - 2. Let p(j) = 13*j - 4. Let n(b) = -a(b) + p(b). Let w(v) = -v**2 - 82*v - 457. Let q be w(-76). What is n(q)?
-1